ors of (w + 0)*9/p.
2, 3
Let b(o) = 284*o - 282. List the prime factors of b(14).
2, 1847
Suppose 2*w + x = 4374, -3*w + 6587 = 92*x - 97*x. What are the prime factors of w?
11, 199
Let v(d) = -126 + 140 - d**2 + 0*d + 13*d. Let f be v(14). Suppose 44 = -f*m + 4*m. List the prime factors of m.
11
Let v be ((-146)/(-3))/(22/(-33)). Let z = v + 109. What are the prime factors of z?
2, 3
Let r(f) = 5*f**2 - f + 10. Let c be r(-3). Let l = c + -39. What are the prime factors of l?
19
Suppose 0 = -0*m + 3*m - 21. Suppose m + 16 = l. List the prime factors of l.
23
Suppose -2 - 13 = -h. List the prime factors of 3 + ((-92)/(-10))/(1/h).
3, 47
Suppose 5*i = -0*i + 925. Let h = 280 - i. Suppose 2*v - h = -3*v. List the prime factors of v.
19
Let o(m) = m**3 - 5*m**2 + 3*m + 2. Let b be o(3). Let h = -5 - b. Suppose h*j - 7 = j. List the prime factors of j.
7
What are the prime factors of (-10 - -12) + (-894)/(-3)?
2, 3, 5
Let n be (-9 + (0 - 1))*(-4)/8. Suppose -2*l + t = n*t - 184, 0 = -3*l - 2*t + 268. What are the prime factors of l?
2, 11
Let y(h) = 3*h**2 - 27*h - 12. Let f be y(-15). Suppose 0 = -16*i + f + 852. What are the prime factors of i?
2, 3, 5
What are the prime factors of 2/(-4) + (-653)/(-2) + -7?
11, 29
Let t = -363 + 558. What are the prime factors of t?
3, 5, 13
Let t(u) = 11*u**2 - 12*u - 14. Let c be t(7). Suppose 5*n - 4*d + 285 - 1038 = 0, 3*n + 3*d = c. What are the prime factors of n?
149
Let c be (-6)/(-8) - 114/24. Let b = 1 + c. What are the prime factors of b/3*(2 - 24)?
2, 11
Let d(m) = 4*m**2 - 5*m**2 + 0*m**2 + 12*m. Let l be d(12). Suppose l*q + q = 4. List the prime factors of q.
2
Let y = -2 + 5. Let i(s) = 1 - 3*s**3 - 15*s**3 + 5*s - y*s + s**2. List the prime factors of i(-1).
2, 3
Let c(w) = -2*w**2 + 2. Let x(o) = 5*o**2 - o - 5. Let i = 1 + -4. Let q(m) = i*x(m) - 8*c(m). List the prime factors of q(-6).
17
What are the prime factors of 5/((-45)/(-747)) - 5/5?
2, 41
Let x(r) = r**3 + 31*r + 29. What are the prime factors of x(15)?
53, 73
Let y = -3 + 7. Suppose 14 = 5*u + y. Suppose 2*o + 32 = u*n, 3*n - 36 = -0*n - 3*o. List the prime factors of n.
2, 7
Suppose 34*n - 21253 = 8599. List the prime factors of n.
2, 439
Let t = -33 - -44. Suppose -t*p = -14*p + 594. Suppose n = -2*n + p. What are the prime factors of n?
2, 3, 11
Suppose 0 = 4*t - 6*t + 30. Let k be -4 - (-2*t)/3. Suppose -k*y + 2*y = -28. List the prime factors of y.
7
Let i be (-10 + 174)*1/1. Let n = i - 105. What are the prime factors of n?
59
Suppose 3*w = -i - 5, 5*i - 7*i = 3*w + 7. What are the prime factors of (-123)/3*2/w?
2, 41
Let k(o) = -4*o**2 + 2*o - 3. Let l be k(3). Let c = l + 102. What are the prime factors of c?
3, 23
Suppose 20*k = 35462 + 37598. What are the prime factors of k?
13, 281
Suppose 2*r = -s + 390, 5*r - 96 = s - 458. What are the prime factors of s?
2, 191
Suppose 4*v - 2*v + 8 = 0, 1664 = 4*n + v. What are the prime factors of n?
3, 139
Let r = 123 + -124. List the prime factors of (-3)/r - (-3 - 4).
2, 5
Let g(l) = -4*l**3 - 61*l**2 + 23*l - 72. Let s(j) = j**3 + 15*j**2 - 6*j + 18. Let o(w) = -2*g(w) - 9*s(w). List the prime factors of o(-14).
2, 3, 11
Let t(s) = 179*s**2 - 174*s**2 - 3*s + 6 - 8*s. List the prime factors of t(-7).
2, 41
Let d(i) = 4*i**2 - i**3 - 4 - 3*i**3 - i + 3*i**3. Let k be d(2). What are the prime factors of ((-396)/27)/(k/(-3))?
2, 11
Let w be 1*((3 - 2) + 4). Suppose -o - w*s + 77 = 0, -4*s + 8*s + 212 = 4*o. Suppose 2*g - 3*z - o = 0, 3*z - 2*z + 123 = 5*g. What are the prime factors of g?
2, 3
Suppose -183 = -4*z - 3*l, -z + 5*l + 20 + 20 = 0. List the prime factors of (-10)/z + (-346)/(-18).
19
Let t = -7 - -29. Suppose -4*o + 5*m + 10 = -2*o, -m = 2*o - t. Suppose 56 = 3*a - 2*c, -4*c - o = 4*a - 58. List the prime factors of a.
2
Let j(p) = p**3 + 10*p**2 + 1. Let g be j(-10). Let y = -2 - g. List the prime factors of (65 - -1) + y/(-3).
67
Let i(f) = -3*f - 2. Let j be i(-4). What are the prime factors of 32/j*(-55)/(-2)?
2, 11
Suppose 5 = 3*j + 2. Let r(n) = -3 + 4*n - 10 - j. List the prime factors of r(10).
2, 13
Let i be 3*1/(-5) - (-7704)/40. Suppose 12*s - 9*s - i = 0. What are the prime factors of s?
2
Let c(g) = -4*g. Let n be c(1). Let j be (-25)/n + 2/(-8). Suppose 72 = j*y - 66. What are the prime factors of y?
23
Let u be (9/(-12))/(5/(-20)). Suppose 3*z + u*c - 128 - 46 = 0, -2*z + 3*c + 101 = 0. List the prime factors of z.
5, 11
What are the prime factors of (164/(-8))/(3/(-6))?
41
Suppose 3*c - 3*i - 4 = -61, 52 = -4*c - 2*i. Let u be c*(3 + 20/(-6)). Suppose 5*a - u*b - 11 - 44 = 0, -5*a + 25 = b. What are the prime factors of a?
2, 3
Suppose -3*p - 3*m + 24 = 0, 0 = -2*p - 2*p + 5*m + 41. Suppose -2*u + p = -9. Suppose u*o - 5*o = 76. List the prime factors of o.
19
Suppose 2506 = 22*x - 4204. List the prime factors of x.
5, 61
Suppose 0 = -9*s + 7*s + q + 8416, 0 = s - q - 4209. What are the prime factors of s?
7, 601
Let c(t) = t - 2. Let m(i) = i - 3. Let u(f) = -4*c(f) + 3*m(f). Let w be u(-3). Let a = 25 - w. What are the prime factors of a?
23
Suppose 3*v - 3*w = 3, 2*v + 0*w + 1 = 5*w. Let r(i) = 17*i**2 - 3*i + 3. What are the prime factors of r(v)?
5, 13
What are the prime factors of (-395 + -7)/((-6)/4)?
2, 67
Let c = 418 - 127. What are the prime factors of c?
3, 97
Let c = -65 + 67. List the prime factors of 1/(c/122 + 0/1).
61
Let r(t) = 132*t**2 + 14*t + 33. What are the prime factors of r(-2)?
13, 41
Let j = -150 + 12. Let s = -80 - j. Suppose 2*p + 87 = 3*c, 2*c - s = -6*p + p. List the prime factors of c.
29
Let s be 3 - ((-52)/(-8))/(4/(-624)). Suppose 5*i = s + 443. What are the prime factors of i?
2, 73
Let d(k) = -4*k**2 - 244*k + 2*k**3 + 245*k - 6*k**3 + k**3 - 1. List the prime factors of d(-3).
41
Suppose 0*j - j - 568 = -3*w, 0 = 3*j - 15. Let u = -125 + w. What are the prime factors of u?
2, 3, 11
Let t be (-12 + 10)/(2/(-4)). Suppose -4*j - t = -92. List the prime factors of j.
2, 11
Let r = 628 - -395. List the prime factors of r.
3, 11, 31
Let l = 36 + -39. Let m(b) = -b**3 + b**2 + b + 2. What are the prime factors of m(l)?
5, 7
Let l(g) = -2*g**3 + 87*g**2 - 48*g + 40. What are the prime factors of l(42)?
2, 829
Suppose 0 = -5*v + 342 - 137. Let l = v - -5. Suppose 0 = 3*h - h - l. What are the prime factors of h?
23
Let j(u) = 51*u**2 - u - 2. Suppose 2*r + 2*m + 40 = 0, 22 = -3*r + m - 26. Let c = r - -16. List the prime factors of j(c).
2, 5
Suppose -4*b = 3*x + 104, -2*x = 3*b - 5*x + 99. Suppose 0*v - 5*v = -165. Let i = b + v. What are the prime factors of i?
2
What are the prime factors of -1 + (-933)/(-2) + 301/(-602)?
3, 5, 31
Let z = 70 - 67. Suppose -z*l + 466 = 4*w, 2*w + 2*w = -l + 158. What are the prime factors of l?
2, 7, 11
Let v = -50 + 18. Let f be 2*(-2 + v/(-1)). Suppose 0 = -3*m - 9 + f. List the prime factors of m.
17
Suppose -12 = -2*t - 6*r + 4*r, -5*t - 4*r + 25 = 0. Let m(y) be the second derivative of 3*y**3/2 - y. What are the prime factors of m(t)?
3
Let r(o) = -20*o - 1. Let u = -4 - -3. Let f be 1/u - 0/1. What are the prime factors of r(f)?
19
Suppose 0 = -d - 5*a + 1637, 3*d + 353*a = 355*a + 4894. List the prime factors of d.
2, 3, 17
Suppose -44*j = -31*j - 4108. List the prime factors of j.
2, 79
Suppose o + 2*j + 89 = 253, -o + 4*j = -182. Let a = -111 + o. What are the prime factors of a?
59
Let z(p) = 12*p - 6. Let g(i) = 2*i**3 + i**2 + 12. Let s be g(0). What are the prime factors of z(s)?
2, 3, 23
Suppose y + 4*g = -55 + 151, -412 = -5*y - 3*g. Suppose 9*a - 4*a + y = 0. Let l = 6 - a. List the prime factors of l.
2, 11
Let h be (3 + -1)*70/20. Suppose 3*m + 5*q = 38, 3*q + 18 = -2*m + h*m. Suppose -2*g - 156 = -m*g. List the prime factors of g.
3, 13
Let x(p) = p**2 + 2*p - 48. List the prime factors of x(-14).
2, 3, 5
Let h be 0 + 0/(2 - 4). Suppose 220 = 3*s + n, 3*s - 4*n - 333 + 103 = h. What are the prime factors of s?
2, 37
Let l(t) = -t**3 + 20*t**2 - 15*t - 10. Let i be l(19). Suppose x + x = i. List the prime factors of x.
3, 11
Suppose -2*g = q - 8, -2*g + 2*q = 2 + 2. Let p(t) = -t + 2. Let u be p(g). Suppose u*n = -n + 26. List the prime factors of n.
2, 13
Let l(a) = -a**2 + 81*a - 348. List the prime factors of l(38).
2, 643
Let s(m) = -88*m + 126. What are the prime